Calculate the remainder when 4085055 is divided by 2042527.
1
What is the remainder when 167968451 is divided by 101?
98
Calculate the remainder when 6959773 is divided by 6959704.
69
Calculate the remainder when 2282065 is divided by 30.
25
Calculate the remainder when 16484 is divided by 3286.
54
Calculate the remainder when 22302 is divided by 1776.
990
Calculate the remainder when 870681801 is divided by 19.
18
What is the remainder when 13260212 is divided by 8?
4
Calculate the remainder when 8042712 is divided by 2680889.
45
What is the remainder when 1693227 is divided by 6799?
276
Calculate the remainder when 5009278 is divided by 43.
36
What is the remainder when 162284222 is divided by 433915?
12
What is the remainder when 136362 is divided by 859?
640
Calculate the remainder when 55037694 is divided by 685.
684
Calculate the remainder when 2013650 is divided by 80531.
375
What is the remainder when 14985202 is divided by 2344?
10
What is the remainder when 1002629 is divided by 1867?
50
What is the remainder when 359686 is divided by 19982?
10
What is the remainder when 4008264 is divided by 490?
64
What is the remainder when 368210044 is divided by 2991?
2989
Calculate the remainder when 17284 is divided by 1179.
778
What is the remainder when 5774690 is divided by 962440?
50
Calculate the remainder when 1058761 is divided by 47.
39
What is the remainder when 367776 is divided by 183744?
288
Calculate the remainder when 781697 is divided by 4709.
3
What is the remainder when 13468678 is divided by 360?
358
Calculate the remainder when 6469226 is divided by 495.
71
Calculate the remainder when 112574999 is divided by 19.
18
Calculate the remainder when 32814 is divided by 475.
39
Calculate the remainder when 9290515 is divided by 82.
79
What is the remainder when 183555 is divided by 91770?
15
Calculate the remainder when 279323 is divided by 1746.
1709
Calculate the remainder when 2158355 is divided by 1244.
15
Calculate the remainder when 358904 is divided by 35885.
54
Calculate the remainder when 981972 is divided by 1130.
2
Calculate the remainder when 980127690 is divided by 2488.
2482
What is the remainder when 11428173 is divided by 5059?
4951
Calculate the remainder when 23799996 is divided by 82.
70
Calculate the remainder when 20859445 is divided by 1919.
1834
Calculate the remainder when 183687 is divided by 25894.
2429
Calculate the remainder when 1151516 is divided by 104682.
14
Calculate the remainder when 25236657 is divided by 3822.
3813
Calculate the remainder when 628904901 is divided by 646.
645
What is the remainder when 7803954 is divided by 948?
18
Calculate the remainder when 64993907 is divided by 422.
421
Calculate the remainder when 6975846 is divided by 52.
46
Calculate the remainder when 2054694 is divided by 60.
54
Calculate the remainder when 42264 is divided by 503.
12
What is the remainder when 2068862 is divided by 306?
302
What is the remainder when 32913 is divided by 16037?
839
What is the remainder when 73328 is divided by 12118?
620
What is the remainder when 1566767 is divided by 111910?
27
What is the remainder when 51130 is divided by 2240?
1850
What is the remainder when 15176484 is divided by 1897060?
4
Calculate the remainder when 4511816 is divided by 841.
692
Calculate the remainder when 58728 is divided by 29031.
666
Calculate the remainder when 2043048 is divided by 451.
18
Calculate the remainder when 513916 is divided by 61.
52
What is the remainder when 1011875 is divided by 505413?
1049
Calculate the remainder when 4248043 is divided by 6732.
151
What is the remainder when 25721603 is divided by 8573867?
2
Calculate the remainder when 61221171 is divided by 247.
245
Calculate the remainder when 3303336 is divided by 1651528.
280
Calculate the remainder when 872382 is divided by 586.
414
What is the remainder when 2947400 is divided by 4446?
4148
Calculate the remainder when 6088329 is divided by 2029438.
15
What is the remainder when 12326 is divided by 12077?
249
What is the remainder when 36772 is divided by 36747?
25
What is the remainder when 127528752 is divided by 129?
126
What is the remainder when 3575688 is divided by 65012?
28
What is the remainder when 357970 is divided by 2594?
2592
What is the remainder when 343775 is divided by 1653?
1604
What is the remainder when 173469 is divided by 1652?
9
Calculate the remainder when 5308 is divided by 4434.
874
What is the remainder when 122301282 is divided by 21?
12
What is the remainder when 382698 is divided by 382689?
9
Calculate the remainder when 8400 is divided by 3668.
1064
Calculate the remainder when 5500877 is divided by 25705.
7
Calculate the remainder when 170807 is divided by 14233.
11
Calculate the remainder when 2418403 is divided by 54.
13
What is the remainder when 435329 is divided by 2354?
2193
Calculate the remainder when 2740527 is divided by 69.
54
Calculate the remainder when 2142296 is divided by 214227.
26
Calculate the remainder when 161775 is divided by 5571.
216
Calculate the remainder when 518775398 is divided by 55.
53
What is the remainder when 3265904 is divided by 2754?
2414
What is the remainder when 42542009 is divided by 180?
89
What is the remainder when 195570 is divided by 64912?
834
What is the remainder when 6136391 is divided by 5383?
5154
Calculate the remainder when 97299 is divided by 31936.
1491
What is the remainder when 3548109 is divided by 1774052?
5
Calculate the remainder when 625697 is divided by 1701.
1430
What is the remainder when 215308 is divided by 9346?
350
What is the remainder when 488537133 is divided by 24?
21
What is the remainder when 10753257 is divided by 70?
67
Calculate the remainder when 778643 is divided by 6626.
3401
What is the remainder when 233912 is divided by 233793?
119
What is the remainder when 824393 is divided by 32964?
293
What is the remainder when 247948302 is divided by 1424?
1422
What is the remainder when 383062 is divided by 4092?
2506
Calculate the remainder when 72499067 is divided by 4716.
4715
What is the remainder when 2240710 is divided by 924?
10
Calculate the remainder when 12181224 is divided by 19.
1
What is the remainder when 23002 is divided by 11288?
426
Calculate the remainder when 3260214 is divided by 1630026.
162
What is the remainder when 148203 is divided by 143173?
5030
What is the remainder when 4828068 is divided by 5782?
98
Calculate the remainder when 191137 is divided by 23387.
4041
Calculate the remainder when 969071 is divided by 23062.
467
What is the remainder when 42179 is divided by 5393?
4428
Calculate the remainder when 29249123 is divided by 1570.
23
Calculate the remainder when 350484 is divided by 348764.
1720
What is the remainder when 1558344 is divided by 28?
4
Calculate the remainder when 2887232 is divided by 5030.
12
What is the remainder when 1701079 is divided by 35433?
295
What is the remainder when 766270 is divided by 419?
338
What is the remainder when 3807800 is divided by 395?
0
What is the remainder when 233572 is divided by 3366?
1318
Calculate the remainder when 100383 is divided by 1308.
975
Calculate the remainder when 891312 is divided by 39.
6
Calculate the remainder when 319943519 is divided by 27.
26
Calculate the remainder when 361740950 is divided by 94.
92
What is the remainder when 503199 is divided by 619?
571
Calculate the remainder when 6520753 is divided by 1086738.
325
What is the remainder when 2751267 is divided by 30?
27
Calculate the remainder when 47848326 is divided by 29536.
6
What is the remainder when 8239989 is divided by 823985?
139
Calculate the remainder when 738143 is divided by 245840.
623
Calculate the remainder when 193052251 is divided by 10524.
10519
What is the remainder when 3952452 is divided by 9107?
14
Calculate the remainder when 259633952 is divided by 7.
4
Calculate the remainder when 9576391 is divided by 1116.
1111
What is the remainder when 159399 is divided by 78642?
2115
Calculate the remainder when 132891194 is divided by 40.
34
What is the remainder when 7970445 is divided by 7970421?
24
Calculate the remainder when 1128268 is divided by 195.
193
What is the remainder when 9698118 is divided by 2028?
222
Calculate the remainder when 